- 5*j, 5*b + j + 30 = -3*j. Let o = b + 7. Let a(r) = r + 7. Let q(l) = -l - 6. Let z(f) = -2*a(f) - 3*q(f). What is z(o)?
1
Let c(g) = -2*g + 7. Let z be (-3 + 80/30)*18/(-1). Calculate c(z).
-5
Let q(m) = m**3 - 2*m**2 - m + 1. Let v = 39 + -34. Suppose 0 = v*w - 10 - 0. What is q(w)?
-1
Suppose 11 + 19 = -5*d. Let z(i) = 5*i**3 + 4*i**2 - 6*i + 7. Let f(h) = h**3 - h + 1. Let u(n) = d*f(n) + z(n). What is u(4)?
1
Let u(t) = 2*t + 6. Let v be (-8)/16*0 - 7. Determine u(v).
-8
Suppose -8*p + 1461 = 1525. Let d(t) = t**3 + 6*t**2 - 17*t - 6. Calculate d(p).
2
Suppose 0 = -5*c + 4*v + 64, 2*c - 58 = -3*c - 2*v. Let f = -6 + c. Let g(l) = -l + 1. Give g(f).
-5
Let u(f) = f**2 + 5*f + 6. Suppose 0 = -12*o - 5*o - 68. What is u(o)?
2
Let v(m) be the third derivative of 7*m**4/24 + 19*m**3/6 - 7*m**2 - 3. Let x(i) = 3*i + 9. Let y(z) = -2*v(z) + 5*x(z). What is y(0)?
7
Let b(g) = -7*g - 4 + g**2 + 0*g - 10 + 9. Let z be (-5 - -6)/(2/16). Determine b(z).
3
Suppose -36 = 4*n - 44. Let h = 4 - 3. Let a(y) = h + y - 2 + 2 + 2*y**n. Calculate a(-1).
2
Let q be (-17 - -26) + 10/(-2). Let g(o) = 6*o - o - q + 2*o. Give g(3).
17
Suppose -t + 4*i + 15 = 0, -4*i = t - 3*i. Let k(x) be the second derivative of 5*x + t*x**2 - 1/12*x**4 - 2/3*x**3 + 0. Determine k(-5).
1
Suppose -k - 6 - 6 = 5*l, -4*k + 5*l = -27. Let i(f) = 13*f**2 - 8*f**2 - f**k - 3*f - 11*f**2 - 1. What is i(-5)?
-11
Suppose 2*r - 2*b = -26, 0*b + b + 4 = 0. Let p = 34 + r. Suppose -13 = 5*h + p. Let d(g) = -g + 1. What is d(h)?
7
Let h(t) = -t**2 - 5*t + 1. Let w = -136 - -131. Determine h(w).
1
Let p(d) be the third derivative of d**6/120 - d**5/10 + d**4/8 + 5*d**3/6 + 142*d**2. Calculate p(4).
-15
Let a(m) = -m**2 + 10*m - 23. Let w = -2752 - -2757. Give a(w).
2
Let i(u) = -8*u - 6. Let s be i(-4). Suppose -2*n - s = -6. Let c = n - -16. Let d(a) = -a**2 + 5*a + 2. What is d(c)?
-4
Let r(i) = 4*i - 5. Let b = -29 - -29. Let p be 3/(-3) + 3 - -15. Suppose 2*h + 0*h + 10 = b, -3*a + h = -p. Calculate r(a).
11
Let r(w) = 2*w - 4. Suppose 0 = 9*o - 38 - 34. Let v be (-210)/(-55) + o/44. What is r(v)?
4
Let g(n) = -n**2 - 8*n + 4. Let k be g(-8). Suppose k*h = -3 - 17. Let w(a) = 2*a + 5. Let x(j) = 3*j + 8. Let p(o) = h*x(o) + 7*w(o). Give p(0).
-5
Let b(l) be the third derivative of -l**6/120 - 23*l**5/60 + 11*l**4/12 - 11*l**3/2 + 294*l**2. Give b(-24).
15
Let n(z) be the third derivative of 0*z + 1/8*z**4 + 1/6*z**3 + 0 + 5*z**2 + 1/30*z**5. Determine n(-2).
3
Let r be 756/(-1638) + (-46)/13. Let u(m) = -m**3 - 2*m**2 + 5*m - 5. Calculate u(r).
7
Let w(s) = -s**3 - 6. Suppose 4*a - 26 = 6. Suppose 4*v - 12 = -2*q + v, a = -4*q + 2*v. What is w(q)?
-6
Let u(j) = -9*j**2 + 13*j**2 + j - 9*j**2 - 5 + j**3. Let d(w) = -2*w - 9. Let m be d(-7). Calculate u(m).
0
Let q(m) be the third derivative of m**5/60 - m**4/6 - m**3/6 - 4*m**2 - 3*m. Give q(5).
4
Let b(k) = -k**3 + k - 1. Let z(m) = 6*m**3 - 5*m**2 - 3*m - 2. Let g(l) = -5*b(l) - z(l). What is g(5)?
-3
Let z(n) = -n**3 + 8*n**2 - 7*n + 10. Let k be 1 - 17/(119/(-42)). What is z(k)?
10
Let b = -1031 - -1033. Let o(a) = 0 - 2 - a**3 - a**2 + 4. Give o(b).
-10
Let s(w) be the first derivative of -1/3*w**3 + 4 + 0*w**2 + 0*w. Give s(-3).
-9
Let q(r) = -8*r - 8*r - 8 + 17*r. Determine q(5).
-3
Suppose -3*x - 4 = -10. Suppose x*z - 7*z + 10 = 0. Let t(o) = 3*o - z*o - 1 + 4. Give t(-6).
-3
Let d(f) be the second derivative of f**4/12 - 2*f**3 + f**2 - 187*f. Give d(8).
-30
Let h(s) = 4*s**3 + s**2 - s + 1. Let v(z) = z**3 - z. Let b(d) = h(d) - 3*v(d). Suppose 0 = 5*y + 1 - 21. Suppose 2*k - 4 = y*k. Calculate b(k).
-7
Let v(y) = -y**2 - 2*y + 4. Let a(q) = -q + 10. Let g be a(7). Suppose 124 = g*n + 133. Determine v(n).
1
Let v(r) be the first derivative of -7 + 3*r + r + r + 2 - r**2. Let o(p) = -p**3 - 3*p**2 - 2*p - 2. Let c be o(-3). Give v(c).
-3
Let v(y) = -y**3 - 12*y**2 + 10*y - 8. Suppose -901 = -7*j - 992. Give v(j).
31
Suppose 2 = q - 1. Suppose 0*b + 16 = z - q*b, -2*b = -3*z + 20. Let u(j) = 17*j**3 + 0 - 16*j**3 - 5*j - j**2 - 1 + z. Determine u(3).
6
Suppose 2*t - 5 - 30 = 3*m, 20 = -4*m - 4*t. Let d be m/15 + 39/15. Suppose -d*q = -5*q + 6. Let n(i) = 2*i**3 - 3*i**2. Calculate n(q).
4
Suppose -3*n + 0*n - 2*a + 2 = 0, -n = -5*a - 29. Let w(g) be the third derivative of -g**4/12 + g**3/2 - 2*g**2. What is w(n)?
-5
Let x(j) be the third derivative of -j**4/8 + 5*j**3/6 + j**2 + 255*j. What is x(7)?
-16
Let z(i) = 5*i**2 - 13*i + 19. Let d(h) = 2*h**2 - h + 4. Let y(s) = 2*d(s) - z(s). Let k be ((-2)/4)/(2/(-36)). What is y(k)?
7
Let i(t) = -54*t - 432. Let p be i(-8). Let j(r) = 3*r + 7. What is j(p)?
7
Let p(d) be the first derivative of -7 + 2*d + 1/2*d**2. Calculate p(0).
2
Let q(t) = t**2 - 8*t. Let d(y) = -y + 39. Let n be d(33). Calculate q(n).
-12
Let a(y) be the first derivative of 4/3*y**3 + y - y**2 + 11 - 1/4*y**4. Suppose -z = -5, -1 + 8 = -2*d + 3*z. Calculate a(d).
-7
Let l(u) = 8*u. Let g = 236 - 166. Let x = g + -69. Determine l(x).
8
Let z(x) = 4*x + 8. Suppose -6*h = 25 + 35. Let u(r) = -r - 1. Let k(j) = h*u(j) - 2*z(j). Let s(g) = -5*g + 13. Let n(v) = -7*k(v) - 3*s(v). Determine n(-6).
-3
Let n(a) = 2*a + 2. Let p(c) = c**3 + 4*c - 12. Let g be p(2). Determine n(g).
10
Let j(k) = -6*k**3 - k**2 - k. Suppose -5*o = -5*c - 30, 5*o + 2*c + 2 = 11. Suppose 6 = -3*b + o. Give j(b).
6
Let k(d) = 23*d - 28. Let h(x) = 11*x - 13. Let g(u) = -13*h(u) + 6*k(u). Let y = 5 + -10. Let b = -3 - y. Determine g(b).
-9
Let u(d) = -2*d**3 - 12*d**2 + 7*d + 3. Let j(m) = -m**3 - 6*m**2 + 4*m + 1. Let p(h) = 5*j(h) - 3*u(h). Let r = 16 - 22. Determine p(r).
2
Let p(u) = -5*u**2 - 5*u - 8. Let i be (3 + (-28)/8)*34. Let o(l) = 14*l**2 + 15*l + 24. Let q(x) = i*p(x) - 6*o(x). Suppose 4*a - 16 - 8 = 0. Calculate q(a).
-2
Let h(w) be the third derivative of -w**6/120 - 13*w**5/60 - w**4/24 + 5*w**3/2 - 58*w**2. Determine h(-13).
28
Suppose 83*m = 50*m. Let l(z) be the second derivative of 0 + m*z**3 + 3*z - 1/2*z**4 + 4*z**2 + 1/20*z**5. What is l(6)?
8
Let b = 23 - 23. Let y(s) = 8 - 9 + b - s. What is y(-5)?
4
Let n(x) = 4*x - 4 + 0 + 2. Let q = 874 + -870. Determine n(q).
14
Let r(c) = c**2 + 0*c**2 + 4*c + 0*c + c**3 - 2 - 3*c**2. Let a(t) = 2*t**3 - 21*t**2 + 5*t + 52. Let q be a(10). Determine r(q).
6
Let g(y) = y**2 + 22. Suppose 0*h + h = -5*h. What is g(h)?
22
Let m(l) = -1 + 0*l + 0*l + 0*l + 6*l**2. Let i = 247 - 248. Determine m(i).
5
Let w(y) = 623*y - 14. Let n be w(13). Let a(i) = -n + i + 8085. Calculate a(2).
2
Let y(f) be the second derivative of -f**5/20 - f**4/6 + 2*f**3/3 + f**2 - 10*f. Suppose 7*t - 141 = 54*t. Determine y(t).
-1
Let v(s) be the third derivative of -s**5/60 + s**4/3 + 3*s**3/2 - 108*s**2. Calculate v(9).
0
Suppose 8*f - 71 + 31 = 0. Let n(s) = -2*s + 7. What is n(f)?
-3
Let n(c) = -2 + 1 - 20784*c + 20783*c - 13. What is n(-12)?
-2
Suppose 3*x = -f - 113, -504 = 4*f + x - 2*x. Let p be -5*155/f - 1/5. Let c(s) = 2*s. What is c(p)?
12
Let t(m) = m**2 - 3*m - 9. Let x(d) be the second derivative of -d**4/3 + 11*d**3/6 + 37*d**2/2 - 16*d. Let n(c) = -9*t(c) - 2*x(c). Determine n(5).
7
Let y(i) = -i**2 + 7*i - 12. Let r = 120 + -114. Calculate y(r).
-6
Let g(j) = 5*j + 1. Let a = 82 + -82. Suppose a = -3*q + 10 - 7. What is g(q)?
6
Let v be 1/(-2) - (0 - 147/6). Suppose -13*u - v = -9*u. Let n(r) = r + 8. Give n(u).
2
Let a(b) = -3*b**3 - 5*b**2 - 2*b - 4. Let x(y) = -y**3 - y**2. Let v(s) = -a(s) + 4*x(s). Let p be (-1 - -7)*(-15)/(-30). Determine v(p).
-8
Let t(d) = -d**2 + 9*d + 26. Let v(j) = -2*j**2 + 17*j - 10. Let b be v(7). Let w be t(b). Let n(s) = -2*s - 3. What is n(w)?
-11
Suppose -5*a = 4*q + 57, -a + 4*q - 2*q = 3. Let b(s) = s**3 + 8*s**2 - 10*s - 8. Calculate b(a).
1
Let y(o) = o**3 - 9*o**2 + 14*o - 2. Let j(h) = -9*h + 564. Let t be j(62). What is y(t)?
-26
Let x = -328 - -339. Let p(b) = b**2 - 12*b + 11. What is p(x)?
0
Let o(v) = 2*v + 4. Let z(q) = 3*q + 9. Let x(f) = -5*o(f) + 3*z(f). Let b = 17 - 13. Determine x(b).
3
Let c(o) = -9*o - 10*o + 3 + 15*o + o**2 + 2*o**2 + o**3. Give c(2).
15
Let q(x) = -6*x**2 + 7*x + 1. Let z(v) = -v**2 + v + 1. Let o(h) = q(h) - 5*z(h). Give o(6).
-28
Let x be (-224)/(-128)*(-2)/(-7). Let q(i) be the second derivative of 0 - 5*i - x*i*